1).
-81
Let y(z) = z**3 - 13*z**2 - z - 19. Determine y(13).
-32
Let i(y) = -27*y**2 + 3*y - 2. Determine i(1).
-26
Let k(v) = 3*v + 9. What is k(-11)?
-24
Let u(m) = m**3 + 4*m**2 - 4*m + 10. Calculate u(-5).
5
Let f(u) = -u - 11. Determine f(0).
-11
Let s(u) = -u**2 + 9*u + 16. What is s(6)?
34
Let s(m) = -m**3 + m**2 - m. Give s(2).
-6
Let y(t) = t**2 + 10*t - 41. What is y(-15)?
34
Let j(i) = -27*i + 18. Give j(3).
-63
Let r(w) = -w. Give r(-2).
2
Let j(c) = c**2 + 2*c - 6. What is j(-4)?
2
Let j(d) = d**2 - 7*d + 2. Calculate j(6).
-4
Let i(w) = w**3 - 3*w**2 - 4*w + 5. Give i(4).
5
Let k(s) = 3*s**3 + 4*s**2 + 9*s + 4. Calculate k(-2).
-22
Let k(i) = -i**2 - 11*i - 15. Determine k(-6).
15
Let x(z) = z**3 - 51*z**2 + 49*z + 51. Determine x(50).
1
Let a(w) = -19*w - 176. Determine a(-9).
-5
Let u(p) = -4*p - 90. What is u(-22)?
-2
Let v(q) = -q**3 + 7*q**2 - 6*q + 15. Calculate v(6).
15
Let m(h) = -h**3 - 5*h**2 - 10*h - 9. Calculate m(-3).
3
Let b(l) = 99*l**2 + 4*l - 2. Determine b(1).
101
Let z(t) = -t**2 - 32*t - 125. Calculate z(-27).
10
Let v(r) = r**2 + 5*r + 10. Give v(-4).
6
Let x(l) = -l**3 - 21*l**2 + 18*l - 76. Determine x(-22).
12
Let l(b) = -b**2 + b + 16. Determine l(0).
16
Let b(i) = 2*i - 23. What is b(10)?
-3
Let y(o) = o**3 - 5*o**2 + 5*o + 5. What is y(3)?
2
Let z(f) = -3*f + 7. Determine z(-3).
16
Let k(y) = y**3 + 4*y**2 - 7*y - 6. Give k(-5).
4
Let s(k) = -k**3 + 28*k**2 - 1. Determine s(28).
-1
Let n(d) = 2*d + 2. Give n(-1).
0
Let y(h) = -h**3 + 3*h**2 + 11*h - 2. Calculate y(5).
3
Let p(j) = 11*j + 104. Determine p(-9).
5
Let h(v) = 3*v - 40. What is h(11)?
-7
Let u(g) = -13*g + 174. Give u(13).
5
Let g(m) = m**2 - 57*m - 23. Determine g(57).
-23
Let k(s) = s**2 - 13*s - 11. Give k(14).
3
Let q(y) = 111*y + 658. Determine q(-6).
-8
Let l(j) = 6*j + 3. What is l(-8)?
-45
Let m(x) = -122*x**2 - 2*x - 2. Give m(-1).
-122
Let g(j) = -2*j**2 - j + 4. Calculate g(3).
-17
Let p(u) = -2*u**2 + 14*u - 1. Determine p(7).
-1
Let b(k) = k**3 + 2*k**2 + k + 1. What is b(-2)?
-1
Let t(c) = -c + 25. Give t(10).
15
Let q(v) = -v**3 + 6*v**2 - 5*v + 2. Determine q(5).
2
Let o(n) = -2*n + 10. Calculate o(8).
-6
Let u(h) = 2*h**3 - h**2 + 10*h - 18. Calculate u(2).
14
Let p(f) = 2*f**3 - 10*f**2 - 20*f + 49. What is p(6)?
1
Let i(f) = -3*f**3 - 7*f**2 + 18*f - 6. Give i(-4).
2
Let m(q) = -q**3 - 9*q**2 - 11*q - 5. Determine m(-8).
19
Let t(c) = -c - 12. Determine t(-5).
-7
Let n(h) = h**3 + 15*h**2 - 16*h - 15. Calculate n(-16).
-15
Let n(a) = 2*a. Give n(-7).
-14
Let n(v) = v**3 - 8*v**2 + 5*v + 8. Determine n(7).
-6
Let g(w) = -w + 18. Calculate g(16).
2
Let s(t) = t**3 - 13*t**2 - 5. Give s(13).
-5
Let i(j) = j + 61. Calculate i(-56).
5
Let b(j) = -9*j**3 - 3*j**2 - j + 1. Calculate b(-1).
8
Let y(p) = p**2 + 4*p - 32. Give y(6).
28
Let d(b) = 2*b**2 - 3*b + 2. Determine d(1).
1
Let c(g) = -g**2 + 14*g - 23. Give c(12).
1
Let s(k) = 4*k**2 + 67*k - 28. Determine s(-17).
-11
Let x(b) = -b**3 + 10*b**2 - 24*b. Give x(6).
0
Let c(l) = -2*l**3 + 156*l**2 + 8*l - 628. What is c(78)?
-4
Let c(x) = -x**3 - 8*x**2 - 3*x - 4. Determine c(-7).
-32
Let q(g) = -7*g**2 - g + 1. Give q(-2).
-25
Let q(p) = p**3 + 6*p**2 - 16*p - 12. Give q(-8).
-12
Let l(w) = 3*w - 14. What is l(0)?
-14
Let o(i) = -4*i**2 + i + 3. What is o(3)?
-30
Let n(d) = -d**3 + 15*d**2 + 6*d - 69. Determine n(15).
21
Let u(v) = 4*v - 7. What is u(2)?
1
Let t(g) = -g**3 - 39*g**2 + 80*g - 84. Determine t(-41).
-2
Let k(l) = 45*l - 356. Give k(8).
4
Let u(f) = -4*f**3 + 4*f**2 - 4. What is u(2)?
-20
Let m(h) = -13*h + 43. Give m(2).
17
Let r(s) = -4*s + 2. Give r(14).
-54
Let n(i) = -i**3 - 16*i**2 + 19*i + 42. Determine n(-17).
8
Let p(t) = -t**3 - 12*t**2 - 10*t + 22. What is p(-10)?
-78
Let r(q) = -q**2 - 41*q - 38. Give r(-41).
-38
Let o(p) = -p**2 - 17*p - 7. Give o(-10).
63
Let h(s) = s**2. Determine h(-6).
36
Let m(o) = -12*o**2 + 5*o + 17. Determine m(-2).
-41
Let r(j) = j**3 - 12*j**2 - 14*j - 1. Give r(13).
-14
Let y(w) = -w**3 + 6*w**2 + 10*w + 11. What is y(-4)?
131
Let q(s) = -s - 20. Calculate q(-9).
-11
Let k(o) = -o**2 + 7*o - 7. Determine k(8).
-15
Let g(r) = 9*r - 6. Calculate g(6).
48
Let v(a) = -a**3 + 17*a**2 + 18*a - 7. Determine v(18).
-7
Let x(q) = q**2 - 8*q + 6. What is x(9)?
15
Let d(p) = 8*p - 40. Determine d(6).
8
Let a(u) = u**3 - u**2 - 4. Determine a(-3).
-40
Let f(x) = 2*x**3 - 2*x - 1. Determine f(2).
11
Let n(v) = v**3 + 14*v**2 - 3*v - 40. What is n(-14)?
2
Let n(u) = -u**3 - 31*u**2 + 36*u + 122. Determine n(-32).
-6
Let i(n) = 2*n**2 - 22*n - 10. Calculate i(12).
14
Let n(b) = 2*b**2 + 21*b + 10. Calculate n(-9).
-17
Let t(o) = -2*o**3 + 18*o**2 + o - 14. What is t(9)?
-5
Let l(x) = -x**3 - 9*x**2 + x + 9. Determine l(-6).
-105
Let t(a) = a - 1. Give t(2).
1
Let w(i) = 2*i + 29. What is w(-9)?
11
Let i(n) = -n**2 - 2*n - 2. Give i(0).
-2
Let m(b) = b**3 - b**2. Calculate m(0).
0
Let v(p) = 10*p - 3. Calculate v(4).
37
Let v(z) = z**3 - 10*z**2 + 2*z - 13. What is v(10)?
7
Let u(b) = -7*b - 16. Calculate u(5).
-51
Let r(q) = 19*q - 5. Determine r(-2).
-43
Let x(h) = -5*h**2 + 2*h - 2. Give x(1).
-5
Let t(r) = 2*r**3 + r**2 - 7. What is t(2)?
13
Let b(j) = -18*j**2 - 2*j. Give b(-1).
-16
Let y(r) = -22*r - 154. Calculate y(-7).
0
Let k(q) = -6*q - 12. Give k(6).
-48
Let j(w) = -9*w - 10. Determine j(-3).
17
Let a(s) = s**3 + 7*s**2 - 17*s - 13. Calculate a(-9).
-22
Let k(l) = -60*l + 675. Give k(11).
15
Let y(f) = -f**2 + 1. Give y(1).
0
Let y(m) = -2*m**2 + 18*m + 32. What is y(-2)?
-12
Let f(r) = -r**2 - 8*r + 2. Calculate f(-9).
-7
Let x(k) = k**3 + 7*k**2 + 8*k - 11. Determine x(-6).
-23
Let s(i) = i**2 - 11*i - 8. Determine s(11).
-8
Let h(u) = -u**2 - 15*u + 80. What is h(-19)?
4
Let b(g) = g**3 - 13*g**2 - 14*g - 6. Calculate b(14).
-6
Let f(s) = s**3 - 4*s**2 + 3*s - 5. What is f(4)?
7
Let b(z) = 5*z**3 - 11*z**2 - 4*z + 14. Calculate b(2).
2
Let j(w) = -2*w - 25. What is j(-5)?
-15
Let o(w) = -2*w + 3. Determine o(-6).
15
Let u(j) = -j**2 - 21*j - 45. Give u(-19).
-7
Let u(v) = 5*v**2 + 1. Determine u(-3).
46
Let f(v) = v**3 - 7*v**2 + 12*v - 3. Calculate f(5).
7
Let p(i) = i**3 - 19*i**2 - 19*i - 18. Give p(20).
2
Let q(o) = 2*o + 27. What is q(-5)?
17
Let i(l) = 2*l**3 - l**2 - 19*l - 6. Calculate i(-3).
-12
Let c(b) = b**2 - 4*b - 56. Determine c(-6).
4
Let z(q) = 42*q - 424. Calculate z(10).
-4
Let t(l) = -l**3 - 24. What is t(0)?
-24
Let t(i) = 4*i**2 + 7*i + 15. What is t(-6)?
117
Let h(w) = -w**3 - 3*w**2 + 5*w + 19. What is h(-3)?
4
Let f(h) = 4*h - 2. Calculate f(4).
14
Let v(u) = -3*u**2 - 4. What is v(4)?
-52
Let r(k) = -2*k + 9. What is r(6)?
-3
Let t(q) = -q**3 - 7*q**2 - 7*q - 9. What is t(-6)?
-3
Let r(j) = -6*j - 24. Determine r(-6).
12
Let g(m) = -m**3 - 8*m**2 - 8*m - 9. Determine g(-5).
-44
Let m(r) = -r**2 + 6*r + 16. What is m(-8)?
-96
Let v(s) = s - 4. Calculate v(-6).
-10
Let x(g) = g**2 + 4*g + 8. Give x(-6).
20
Let x(t) = t**2 + 5*t - 95. Determine x(-13).
9
Let y(i) = i**3 + 5*i**2 - i + 3. Give y(-4).
23
Let r(z) = z**2 + 17*z + 40. Calculate r(-14).
-2
Let k(w) = w**3 - 29*w**2 + 2*w - 56. Calculate k(29).
2
Let a(j) = j - 15. Give a(13).
-2
Let b(i) = -8*i**3 + i - 1. Calculate b(1).
-8
Let p(a) = a**3 - 13*a**2 - 14*a - 4. Determine p(14).
-4
Let j(a) = a**3 - 4*a**2 - 15*a + 1. What is j(5)?
-49
Let t(c) = -c**3 - 2*c**2 + 5*c + 2. Calculate t(-3).
-4
Let z(j) = j**3 - 5*j**2 + j + 3. Determine z(6).
45
Let d(z) = 3*z - 2. What is d(4)?
10
Let l(r) = r**3 + 3*r**2 - 9*r + 4. What is l(-5)?
-1
Let a(h) = -3*h. Determine a(-3).
9
Let s(b) = b**2 + 5*b + 3. What is s(-4)?
-1
Let r(x) = -5*x - 25. Calculate r(-5).
0
Let h(t) = -27*t - 356. What is h(-13)?
-5
Let n(u) = -22*u + 474. Give n(22).
-10
Let h(j) = -10*j**3 - j**2. Calculate h(1).
-11
Let l(g) = g**3 - 17*g**2 + g - 20. Give l(17).
-3
Let r(d) = -d**3 - 5*d**2 + 5*d + 12. What is r(-4)?
-24
Let m(x) = -x + 7. Determine m(2).
5
Let o(x) = x**3 - 17*x**2 + 21*x + 7. What is o(16)?
87
Let h(b) = 4*b**3 - 2*b**2 - 4*b - 2. Determine h(-2).
-34
Let s(q) = -q**3 + 13*q**2 + 15*q + 17. What is s(14)?
31
Let x(k) = -k**2 + 7*k - 22. Give x(3).
-10
Let q(g) = 2*g**2 - 7*g - 12. Calculate q(8).
60
Let l(j) = -8*j**3 + j**2 - 16*j + 15. Give l(1).
-